{"id":183,"date":"2020-11-13T11:22:45","date_gmt":"2020-11-13T10:22:45","guid":{"rendered":"http:\/\/locationcorsevillatarrazza.com\/?page_id=183"},"modified":"2021-05-13T19:26:21","modified_gmt":"2021-05-13T17:26:21","slug":"la-villa","status":"publish","type":"page","link":"https:\/\/locationcorsevillatarrazza.com\/index.php\/la-villa\/","title":{"rendered":"Environnement &#038; ext\u00e9rieurs"},"content":{"rendered":"<p>[et_pb_section fb_built=\u00a0\u00bb1&Prime; disabled_on=\u00a0\u00bboff|off|off\u00a0\u00bb admin_label=\u00a0\u00bbhaut envt et ext\u00e9rieurs\u00a0\u00bb _builder_version=\u00a0\u00bb4.7.3&Prime; custom_padding=\u00a0\u00bb0px|0px|0px|0px\u00a0\u00bb animation_style=\u00a0\u00bbzoom\u00a0\u00bb animation_intensity_zoom=\u00a0\u00bb4%\u00a0\u00bb collapsed=\u00a0\u00bboff\u00a0\u00bb][et_pb_row use_custom_gutter=\u00a0\u00bbon\u00a0\u00bb gutter_width=\u00a0\u00bb1&Prime; make_equal=\u00a0\u00bbon\u00a0\u00bb module_class=\u00a0\u00bb et_pb_row_fullwidth\u00a0\u00bb _builder_version=\u00a0\u00bb4.7.3&Prime; background_color=\u00a0\u00bb#fcd21d\u00a0\u00bb background_image=\u00a0\u00bbhttp:\/\/locationcorsevillatarrazza.com\/wp-content\/uploads\/2020\/11\/circle-background-pattern.png\u00a0\u00bb width=\u00a0\u00bb100%\u00a0\u00bb width_tablet=\u00a0\u00bb100%\u00a0\u00bb width_phone=\u00a0\u00bb\u00a0\u00bb width_last_edited=\u00a0\u00bbon|desktop\u00a0\u00bb max_width=\u00a0\u00bb100%\u00a0\u00bb max_width_tablet=\u00a0\u00bb100%\u00a0\u00bb max_width_phone=\u00a0\u00bb\u00a0\u00bb max_width_last_edited=\u00a0\u00bbon|desktop\u00a0\u00bb min_height=\u00a0\u00bb268px\u00a0\u00bb custom_padding=\u00a0\u00bb0px||0px|\u00a0\u00bb animation_style=\u00a0\u00bbslide\u00a0\u00bb animation_direction=\u00a0\u00bbtop\u00a0\u00bb animation_intensity_slide=\u00a0\u00bb3%\u00a0\u00bb make_fullwidth=\u00a0\u00bbon\u00a0\u00bb][et_pb_column type=\u00a0\u00bb4_4&Prime; _builder_version=\u00a0\u00bb4.7.3&Prime; custom_padding=\u00a0\u00bb|8%||8%|false|false\u00a0\u00bb custom_padding__hover=\u00a0\u00bb|||\u00a0\u00bb][et_pb_text _builder_version=\u00a0\u00bb4.7.3&Prime; text_font=\u00a0\u00bbMontserrat||||||||\u00a0\u00bb text_font_size=\u00a0\u00bb17px\u00a0\u00bb header_font=\u00a0\u00bbMontserrat|700||on|||||\u00a0\u00bb header_text_color=\u00a0\u00bb#f7f7f7&Prime; header_font_size=\u00a0\u00bb20px\u00a0\u00bb custom_margin=\u00a0\u00bb30px||13px||false|false\u00a0\u00bb animation_style=\u00a0\u00bbfade\u00a0\u00bb header_font_size_last_edited=\u00a0\u00bboff|desktop\u00a0\u00bb locked=\u00a0\u00bboff\u00a0\u00bb]<\/p>\n<h1><strong>VUE PANORAMIQUE MER AVEC PISCINE CHAUFFEE<\/strong><\/h1>\n<p>[\/et_pb_text][et_pb_text ul_type=\u00a0\u00bbsquare\u00a0\u00bb ul_item_indent=\u00a0\u00bb39px\u00a0\u00bb _builder_version=\u00a0\u00bb4.7.3&Prime; _module_preset=\u00a0\u00bbdefault\u00a0\u00bb text_text_color=\u00a0\u00bb#000000&Prime; text_font_size=\u00a0\u00bb16px\u00a0\u00bb text_line_height=\u00a0\u00bb1.8em\u00a0\u00bb header_font_size=\u00a0\u00bb24px\u00a0\u00bb width=\u00a0\u00bb100%\u00a0\u00bb custom_margin=\u00a0\u00bb|||0px|false|false\u00a0\u00bb custom_padding=\u00a0\u00bb||0px||false|false\u00a0\u00bb]<\/p>\n<p>La villa est situ\u00e9e en Corse du Sud, entre Ajaccio et Bonifaccio,\u00a0\u00e0 10 minutes des plages et \u00e0 15 minutes de la ville baln\u00e9aire Propriano.<\/p>\n<p>Elle est accessible en avion (a\u00e9roport d&rsquo;Ajaccio ou de Figari) ou en bateau (port de Propriano ou d&rsquo;Ajaccio).<\/p>\n<p>Elle surplombe le Golfe du Valinco, offrant ainsi une\u00a0<strong>vue exceptionnelle sur la mer<\/strong> depuis Campomoro jusqu\u2019\u00e0 Porto Pollo.<\/p>\n<p>Ouverte sur la nature environnante, la villa dispose de grands espaces conviviaux :<\/p>\n<ul>\n<li>La pi\u00e8ce de vie s\u2019ouvre sur la <strong>terrasse panoramique de 70 m\u00b2<\/strong> et sur la M\u00e9diterran\u00e9e.<\/li>\n<li>Une seconde <strong>terrasse de 60 m\u00b2<\/strong> avec acc\u00e8s cuisine, est am\u00e9nag\u00e9e pour les repas (barbecue + plancha) et dispose d&rsquo;une pergola ombrag\u00e9e.<\/li>\n<li>La plage en bois de 100 m\u00b2 qui borde la piscine privative de 9mx4m permet \u00e9galement de profiter de la vue sur la mer.<\/li>\n<\/ul>\n<p>[\/et_pb_text][\/et_pb_column][\/et_pb_row][\/et_pb_section][et_pb_section fb_built=\u00a0\u00bb1&Prime; _builder_version=\u00a0\u00bb4.7.3&Prime; _module_preset=\u00a0\u00bbdefault\u00a0\u00bb background_image=\u00a0\u00bbhttp:\/\/locationcorsevillatarrazza.com\/wp-content\/uploads\/2020\/11\/20201020_151120-test.jpg\u00a0\u00bb custom_padding=\u00a0\u00bb1px||||false|false\u00a0\u00bb][et_pb_row use_custom_gutter=\u00a0\u00bbon\u00a0\u00bb gutter_width=\u00a0\u00bb2&Prime; _builder_version=\u00a0\u00bb4.7.3&Prime; _module_preset=\u00a0\u00bbdefault\u00a0\u00bb min_height=\u00a0\u00bb530px\u00a0\u00bb][et_pb_column type=\u00a0\u00bb4_4&Prime; _builder_version=\u00a0\u00bb4.7.3&Prime; _module_preset=\u00a0\u00bbdefault\u00a0\u00bb][et_pb_text _builder_version=\u00a0\u00bb4.7.3&Prime; _module_preset=\u00a0\u00bbdefault\u00a0\u00bb text_text_color=\u00a0\u00bb#000000&Prime;]<\/p>\n<p><span><strong><em>Cliquez sur les photos pour les agrandir et les faire d\u00e9filer<\/em><\/strong><\/span><\/p>\n<p>[\/et_pb_text][et_pb_gallery gallery_ids=\u00a0\u00bb1044,1045,1046,502,503,504,1009,306,307,506,1039,1037,505,1005,1006,1007,1038,1008,1011&Prime; posts_number=\u00a0\u00bb20&Prime; _builder_version=\u00a0\u00bb4.7.3&Prime; _module_preset=\u00a0\u00bbdefault\u00a0\u00bb title_text_color=\u00a0\u00bb#000000&Prime; title_font_size=\u00a0\u00bb15px\u00a0\u00bb caption_line_height=\u00a0\u00bb1px\u00a0\u00bb hover_enabled=\u00a0\u00bb0&Prime; box_shadow_style_image=\u00a0\u00bbpreset1&Prime; box_shadow_color_image=\u00a0\u00bb#000000&Prime; sticky_enabled=\u00a0\u00bb0&Prime;][\/et_pb_gallery][\/et_pb_column][\/et_pb_row][\/et_pb_section]<\/p>\n","protected":false},"excerpt":{"rendered":"<p>[et_pb_section fb_built=\u00a0\u00bb1&Prime; disabled_on=\u00a0\u00bboff|off|off\u00a0\u00bb admin_label=\u00a0\u00bbhaut envt et ext\u00e9rieurs\u00a0\u00bb _builder_version=\u00a0\u00bb4.7.3&Prime; custom_padding=\u00a0\u00bb0px|0px|0px|0px\u00a0\u00bb animation_style=\u00a0\u00bbzoom\u00a0\u00bb animation_intensity_zoom=\u00a0\u00bb4%\u00a0\u00bb collapsed=\u00a0\u00bboff\u00a0\u00bb][et_pb_row use_custom_gutter=\u00a0\u00bbon\u00a0\u00bb gutter_width=\u00a0\u00bb1&Prime; make_equal=\u00a0\u00bbon\u00a0\u00bb module_class=\u00a0\u00bb et_pb_row_fullwidth\u00a0\u00bb _builder_version=\u00a0\u00bb4.7.3&Prime; background_color=\u00a0\u00bb#fcd21d\u00a0\u00bb background_image=\u00a0\u00bbhttp:\/\/locationcorsevillatarrazza.com\/wp-content\/uploads\/2020\/11\/circle-background-pattern.png\u00a0\u00bb width=\u00a0\u00bb100%\u00a0\u00bb width_tablet=\u00a0\u00bb100%\u00a0\u00bb width_phone=\u00a0\u00bb\u00a0\u00bb width_last_edited=\u00a0\u00bbon|desktop\u00a0\u00bb max_width=\u00a0\u00bb100%\u00a0\u00bb max_width_tablet=\u00a0\u00bb100%\u00a0\u00bb max_width_phone=\u00a0\u00bb\u00a0\u00bb max_width_last_edited=\u00a0\u00bbon|desktop\u00a0\u00bb min_height=\u00a0\u00bb268px\u00a0\u00bb custom_padding=\u00a0\u00bb0px||0px|\u00a0\u00bb animation_style=\u00a0\u00bbslide\u00a0\u00bb animation_direction=\u00a0\u00bbtop\u00a0\u00bb animation_intensity_slide=\u00a0\u00bb3%\u00a0\u00bb make_fullwidth=\u00a0\u00bbon\u00a0\u00bb][et_pb_column type=\u00a0\u00bb4_4&Prime; _builder_version=\u00a0\u00bb4.7.3&Prime; custom_padding=\u00a0\u00bb|8%||8%|false|false\u00a0\u00bb custom_padding__hover=\u00a0\u00bb|||\u00a0\u00bb][et_pb_text _builder_version=\u00a0\u00bb4.7.3&Prime; text_font=\u00a0\u00bbMontserrat||||||||\u00a0\u00bb text_font_size=\u00a0\u00bb17px\u00a0\u00bb header_font=\u00a0\u00bbMontserrat|700||on|||||\u00a0\u00bb header_text_color=\u00a0\u00bb#f7f7f7&Prime; header_font_size=\u00a0\u00bb20px\u00a0\u00bb custom_margin=\u00a0\u00bb30px||13px||false|false\u00a0\u00bb animation_style=\u00a0\u00bbfade\u00a0\u00bb header_font_size_last_edited=\u00a0\u00bboff|desktop\u00a0\u00bb locked=\u00a0\u00bboff\u00a0\u00bb] VUE PANORAMIQUE MER AVEC PISCINE CHAUFFEE [\/et_pb_text][et_pb_text [&hellip;]<\/p>\n","protected":false},"author":1,"featured_media":0,"parent":0,"menu_order":0,"comment_status":"closed","ping_status":"closed","template":"","meta":{"_et_pb_use_builder":"on","_et_pb_old_content":"","_et_gb_content_width":""},"yoast_head":"<!-- This site is optimized with the Yoast SEO plugin v15.5 - https:\/\/yoast.com\/wordpress\/plugins\/seo\/ -->\n<title>Location en Corse Villa TARRAZZA - Vue mer et piscine privative chauff\u00e9e<\/title>\n<meta name=\"description\" content=\"Cadre exceptionnel, spacieuse villa comprenant de nombreuses chambres et salles de bain, de vastes espaces communs, une piscine privative chauff\u00e9e =&gt; pour des vacances inoubliables !\" \/>\n<meta name=\"robots\" content=\"index, follow, max-snippet:-1, max-image-preview:large, max-video-preview:-1\" \/>\n<link rel=\"canonical\" href=\"https:\/\/locationcorsevillatarrazza.com\/index.php\/la-villa\/\" \/>\n<meta property=\"og:locale\" content=\"fr_FR\" \/>\n<meta property=\"og:type\" content=\"article\" \/>\n<meta property=\"og:title\" content=\"Location en Corse Villa TARRAZZA - Vue mer et piscine privative chauff\u00e9e\" \/>\n<meta property=\"og:description\" content=\"Cadre exceptionnel, spacieuse villa comprenant de nombreuses chambres et salles de bain, de vastes espaces communs, une piscine privative chauff\u00e9e =&gt; pour des vacances inoubliables !\" \/>\n<meta property=\"og:url\" content=\"https:\/\/locationcorsevillatarrazza.com\/index.php\/la-villa\/\" \/>\n<meta property=\"og:site_name\" content=\"Location en Corse Villa TARRAZZA\" \/>\n<meta property=\"article:modified_time\" content=\"2021-05-13T17:26:21+00:00\" \/>\n<meta name=\"twitter:card\" content=\"summary_large_image\" \/>\n<meta name=\"twitter:label1\" content=\"Dur\u00e9e de lecture est.\">\n\t<meta name=\"twitter:data1\" content=\"2 minutes\">\n<script type=\"application\/ld+json\" class=\"yoast-schema-graph\">{\"@context\":\"https:\/\/schema.org\",\"@graph\":[{\"@type\":[\"Person\",\"Organization\"],\"@id\":\"https:\/\/locationcorsevillatarrazza.com\/#\/schema\/person\/fc4be728128417204bff67b1696c323d\",\"name\":\"admin7927\",\"image\":{\"@type\":\"ImageObject\",\"@id\":\"https:\/\/locationcorsevillatarrazza.com\/#personlogo\",\"inLanguage\":\"fr-FR\",\"url\":\"https:\/\/secure.gravatar.com\/avatar\/6e7fb79e5960cb6c9e6e528c5819aa46?s=96&d=mm&r=g\",\"caption\":\"admin7927\"},\"logo\":{\"@id\":\"https:\/\/locationcorsevillatarrazza.com\/#personlogo\"},\"sameAs\":[\"http:\/\/locationcorsevillatarrazza.com\"]},{\"@type\":\"WebSite\",\"@id\":\"https:\/\/locationcorsevillatarrazza.com\/#website\",\"url\":\"https:\/\/locationcorsevillatarrazza.com\/\",\"name\":\"Location en Corse Villa TARRAZZA\",\"description\":\"8 \\u00e0 12 personnes vue mer &amp; piscine privative chauff\\u00e9e\",\"publisher\":{\"@id\":\"https:\/\/locationcorsevillatarrazza.com\/#\/schema\/person\/fc4be728128417204bff67b1696c323d\"},\"potentialAction\":[{\"@type\":\"SearchAction\",\"target\":\"https:\/\/locationcorsevillatarrazza.com\/?s={search_term_string}\",\"query-input\":\"required name=search_term_string\"}],\"inLanguage\":\"fr-FR\"},{\"@type\":\"WebPage\",\"@id\":\"https:\/\/locationcorsevillatarrazza.com\/index.php\/la-villa\/#webpage\",\"url\":\"https:\/\/locationcorsevillatarrazza.com\/index.php\/la-villa\/\",\"name\":\"Location en Corse Villa TARRAZZA - Vue mer et piscine privative chauff\\u00e9e\",\"isPartOf\":{\"@id\":\"https:\/\/locationcorsevillatarrazza.com\/#website\"},\"datePublished\":\"2020-11-13T10:22:45+00:00\",\"dateModified\":\"2021-05-13T17:26:21+00:00\",\"description\":\"Cadre exceptionnel, spacieuse villa comprenant de nombreuses chambres et salles de bain, de vastes espaces communs, une piscine privative chauff\\u00e9e => pour des vacances inoubliables !\",\"inLanguage\":\"fr-FR\",\"potentialAction\":[{\"@type\":\"ReadAction\",\"target\":[\"https:\/\/locationcorsevillatarrazza.com\/index.php\/la-villa\/\"]}]}]}<\/script>\n<!-- \/ Yoast SEO plugin. -->","_links":{"self":[{"href":"https:\/\/locationcorsevillatarrazza.com\/index.php\/wp-json\/wp\/v2\/pages\/183"}],"collection":[{"href":"https:\/\/locationcorsevillatarrazza.com\/index.php\/wp-json\/wp\/v2\/pages"}],"about":[{"href":"https:\/\/locationcorsevillatarrazza.com\/index.php\/wp-json\/wp\/v2\/types\/page"}],"author":[{"embeddable":true,"href":"https:\/\/locationcorsevillatarrazza.com\/index.php\/wp-json\/wp\/v2\/users\/1"}],"replies":[{"embeddable":true,"href":"https:\/\/locationcorsevillatarrazza.com\/index.php\/wp-json\/wp\/v2\/comments?post=183"}],"version-history":[{"count":67,"href":"https:\/\/locationcorsevillatarrazza.com\/index.php\/wp-json\/wp\/v2\/pages\/183\/revisions"}],"predecessor-version":[{"id":1048,"href":"https:\/\/locationcorsevillatarrazza.com\/index.php\/wp-json\/wp\/v2\/pages\/183\/revisions\/1048"}],"wp:attachment":[{"href":"https:\/\/locationcorsevillatarrazza.com\/index.php\/wp-json\/wp\/v2\/media?parent=183"}],"curies":[{"name":"wp","href":"https:\/\/api.w.org\/{rel}","templated":true}]}}